2 - 29*q - 46. List the prime factors of b(-14).
2, 41
Let t = 5 + -3. Let g(o) = -o**3 + 4*o**2 - 3*o + 1. What are the prime factors of g(t)?
3
Suppose h = -0*h - 3, 0 = 3*p - h - 15. Suppose 4*l - 52 = -5*t + 3, -l - 2 = -p*t. List the prime factors of l.
2, 5
What are the prime factors of (0 - 7)*180/(-14)?
2, 3, 5
Let g = 20 - -23. Suppose -3*r - 5*o + 66 = -g, 3*o = 15. Suppose 4*k = 6*k - r. List the prime factors of k.
2, 7
Suppose 3*a - 116 = 127. What are the prime factors of a?
3
Let h(y) be the third derivative of -y**6/120 - 7*y**5/60 + y**4/4 + y**3 - y**2. Let p be h(-8). Let a = -12 + p. List the prime factors of a.
2, 5
Let n be 0*((-1)/(-1) + 0). Let k = 3 + n. List the prime factors of k.
3
Suppose -11*l + 159 = -765. What are the prime factors of l?
2, 3, 7
Suppose z = -0*z - 2*x + 43, 0 = 2*z + 2*x - 90. List the prime factors of z.
47
Let j(q) = q + q**2 - 3 + 6*q - 4*q. Suppose 8 = 4*b - 0. What are the prime factors of j(b)?
7
Let u = 1 + 5. What are the prime factors of ((-3)/(-4))/(u/120)?
3, 5
Let p = -34 - -20. Let t = 40 + p. List the prime factors of t.
2, 13
Let x(q) = q**2 + 9*q - 1. Let a be x(-7). What are the prime factors of ((-6)/3)/(2/a)?
3, 5
Let l = -41 - -73. What are the prime factors of l?
2
Let r = 314 + -76. List the prime factors of r.
2, 7, 17
Let h be (7 - 1)*(-8)/12. List the prime factors of (-6)/(2/76*h).
3, 19
Suppose p + 7 = 4*l, 0*l + 3*l = -5*p + 11. Suppose l*y + 126 = 6*v - 2*v, 2*v + 2*y = 54. List the prime factors of v.
2, 3, 5
Let c(n) = n**2 - 6*n + 9. What are the prime factors of c(8)?
5
Let o be 25/10*(-8)/(-10). Suppose -11 = -o*d - 1. What are the prime factors of d?
5
Suppose -2*c + 24 = -8. List the prime factors of c.
2
Suppose 3*f - 14 = -0*u + 5*u, 2*u + 36 = 5*f. List the prime factors of f.
2
Suppose -4*g + 12 = 0, 5*y - 4*g - 15 - 13 = 0. Let r(n) = n**2 - 9*n + 11. What are the prime factors of r(y)?
3
Let o(v) be the first derivative of 2*v**3/3 - 5*v**2/2 - 2*v + 1. What are the prime factors of o(4)?
2, 5
Let l(q) be the second derivative of -q**5/60 + q**3/2 + q**2 + 2*q. Let s(z) be the first derivative of l(z). What are the prime factors of s(0)?
3
Suppose 2*a + 3*a - 175 = 0. What are the prime factors of a?
5, 7
Suppose i + 5*s = 5, 39 = -3*i - 5*s + 94. List the prime factors of i.
5
Let f(m) = -m**2 - 7*m + 4. Let y be f(-7). Let n be 1*-9 - (3 + -4). Let j = y - n. List the prime factors of j.
2, 3
Let v(a) = a**2 - 2*a. What are the prime factors of v(4)?
2
Let o(j) = j**3 + 2*j**2 - j + 4. Let f be o(-3). Let p(x) = x**3 + x - 1. Let d be p(f). Let b = d - -21. List the prime factors of b.
2, 5
Let w be 2/12 - (-29)/6. Suppose -27 = -w*h + 38. What are the prime factors of h?
13
What are the prime factors of (2*-3)/(6/(-9))?
3
Let s(q) = 0*q**2 + 3*q**2 + 2*q**2 - 2. What are the prime factors of s(2)?
2, 3
Let n(h) = -h**2 - 7*h + 2. Let d be n(-9). Let s be (3/2)/(4/d). List the prime factors of 9 - (0 - s/2).
2, 3
Let w be 4/6 - 76/(-12). Suppose 3*o - f = 32, 2*f - 28 = -4*o + w*f. List the prime factors of o.
2, 3
Let u(t) be the first derivative of -t**2 + 10*t + 7. What are the prime factors of u(-7)?
2, 3
Let k(w) = -22*w - 9. List the prime factors of k(-4).
79
Let w(j) = 3*j**3 - 2*j**2 - 2*j. Let z be w(2). List the prime factors of -2*1 + (z - 6).
2
Let o(x) = -2*x - 4. Let v be o(-5). Let w be 248/12 - 4/v. Suppose -2*s - w = -7*s. List the prime factors of s.
2
Suppose 6 = -2*r - 2. Let u(h) = -5*h - 6. List the prime factors of u(r).
2, 7
Let v(j) = 4*j + 3*j - 3*j - 3 - j. List the prime factors of v(4).
3
Suppose -5*j + 410 = -7*b + 2*b, 160 = 2*j + 2*b. What are the prime factors of j?
3
Suppose -4*t + 6 = t - 3*b, 0 = -2*t + 5*b + 10. Suppose -h + 9 + 4 = t. What are the prime factors of h?
13
Let h be ((-12)/(-14) + 0)*7. Let l(a) = -7*a - 1. Let y(k) = 8*k + 1. Let j(f) = h*l(f) + 5*y(f). List the prime factors of j(-2).
3
Suppose 3*b - 12 = -b. Suppose -4*j = -3*o + 9, 2*j = -b*o + 2 + 7. Suppose 5*f + o*q - 41 = 0, -4*f + 2*q + q + 22 = 0. List the prime factors of f.
7
Let y be (11 + -32)/((-3)/7). Suppose -3*t + 4*t + f - y = 0, 0 = -4*f - 16. List the prime factors of t.
53
Suppose -3*w - 3*w = -1110. What are the prime factors of w?
5, 37
Let u(o) = -o**3 + 4*o**2 - o - 1. Suppose 3*a + 2*n - 23 = 0, 0 = 4*a + 5*n - 21 - 19. Suppose -a = -h - 3. List the prime factors of u(h).
5
Let n = 7 - 22. What are the prime factors of (-72)/n - 2/(-10)?
5
Let d(u) = -5*u - 2. Suppose -5*p = 25, 3*p + 50 = 5*b + p. Let q = b - 11. What are the prime factors of d(q)?
13
Let o = -25 + 39. List the prime factors of o.
2, 7
Suppose 6*f - 7*f + 19 = 0. List the prime factors of f.
19
Let q be 3/(-3) - (-2 + 6). Let n(p) = -p**2 - 5*p. Let x be n(q). Suppose 0 = 3*h - 5*h + 2*d + 22, h + d - 13 = x. What are the prime factors of h?
2, 3
Let l(f) = -5*f**2 + 10*f - 6. Let y(c) = -9*c**2 + 20*c - 13. Let j(n) = 11*l(n) - 6*y(n). List the prime factors of j(-10).
2, 3
Suppose -4*r + r = -6. Suppose 0 = -0*f - f + 3. Suppose 5 = r*o - f. What are the prime factors of o?
2
Let b = 10 - 21. Let k(y) = 2*y**2 + 8*y + 7. Let f be k(-5). Let x = b + f. List the prime factors of x.
2, 3
Suppose -a - a = 32. Let h = a + 22. What are the prime factors of (2 + h)*2/4?
2
Suppose -10 = -2*b - i, 2*b - b + 4 = -5*i. List the prime factors of b.
2, 3
Suppose 4*j = 2*k + 18, 3*j - 31 = -3*k - 13. Suppose 3*w - 4*d - 127 = 0, 5*w = -j*d + 126 + 144. What are the prime factors of w?
7
Suppose 3*k + k - 5*i + 1 = 0, -i = -1. Let a = k - 2. Let r(h) = -3*h**3 - h - 1. What are the prime factors of r(a)?
3
Suppose 0 = 4*d - 180 - 72. Let y be ((-2)/(-3))/(6/d). Suppose 6 = s - y. List the prime factors of s.
13
Let i be 12/(-5)*(-20)/3. Suppose -i = -j + 8. Let f = -12 + j. List the prime factors of f.
2, 3
Let x(f) = -f + 2. Let p be x(-2). Suppose -q - 2 + 6 = -4*c, 4*q - 16 = 5*c. Suppose z - p*z + 54 = c. List the prime factors of z.
2, 3
Let r(a) be the second derivative of 3*a**4/4 - a**3/6 + 2*a. List the prime factors of r(1).
2
Let f(g) = -g**3 + 2*g**2 + 5*g - 2. Let u be f(3). Suppose -5*t + 146 = 5*h - 3*t, 5*t + 130 = u*h. What are the prime factors of h?
2, 3, 5
Let o be (-2)/(-7) - 12/(-7). Suppose 0 = -v + o*v - 36. What are the prime factors of v?
2, 3
Let h(g) = -g**2 + 7*g + 6. Let j be h(6). Suppose 4*d + 3*k - 2 = 0, 4*d - 5*k - 18 = -0*d. Suppose d*t = 8 + j. What are the prime factors of t?
2, 5
Let h be (4/6)/(6/63). Let i = 3 - h. List the prime factors of ((-5)/i)/(2/8).
5
Suppose -48 + 16 = -4*y. List the prime factors of y.
2
Let y(a) = 17*a**2 - a - 2. Let m(f) = -f**2 + f + 1. Let q(p) = m(p) + y(p). What are the prime factors of q(-1)?
3, 5
Let m(f) = -f**3 + f + 46. Let c be m(0). Let g = -29 + c. List the prime factors of g.
17
Suppose -s + 12 = 3*s. Let i = 0 + s. Suppose 0 = -4*g + 3*b + 2*b + 44, 0 = -2*g - i*b. List the prime factors of g.
2, 3
Let c(t) = -t + 13. Suppose -4*i + 32 = -0*i. What are the prime factors of c(i)?
5
What are the prime factors of 3/(22/(-12) + 2)?
2, 3
Let j be (36/(-30))/((-3)/20). Suppose 0*l + t = 4*l - j, -19 = -l - 4*t. Let m(d) = d + 2. What are the prime factors of m(l)?
5
Let l be 27 - -1 - (-1 + -1). Suppose 2*x + 5*m + l = 6*x, -5*m + 20 = x. Let z = 3 + x. What are the prime factors of z?
13
Suppose 2*h - 7*h = 0. List the prime factors of 7 - -1 - (h - 0).
2
Suppose -65 = 41*x - 42*x. List the prime factors of x.
5, 13
Let q(a) be the first derivative of -a**4/24 + 2*a**3/3 - a**2 + 1. Let i(t) be the second derivative of q(t). List the prime factors of i(0).
2
Let z(q) = -q - 9. Let r be z(-9). Suppose r = 3*d + 9, 2*w + 3*w - 7 = -d. List the prime factors of w.
2
Suppose 0 = 19*m - 14*m - 460. List the prime factors of m.
2, 23
Let c = 22 - 16. Suppose -c*w + 10*w - 148 = 0. What are the prime factors of w?
37
What are the prime factors of (246/(-4))/((-6)/48*6)?
2, 41
Suppose -3*c = -4*c. Suppose -15 = -5*k - c*k - 5*v, 5*k - 19 = -v. What are the prime factors of k?
2
Let w be ((-8)/5)/((-4)/20). Suppose 0 = -5*b - 3*p + 27 + 18, w = -b - 4*p. List the prime factors of b.
2, 3
Suppose 0 = -15*y + 3017 - 347. What are the prime factors of y?
2, 89
Let k(s) = s**2 + s - 1. Let h be k(-3)